emainder when 26418910 is divided by 15?
10
Calculate the remainder when 5176695 is divided by 2588306.
83
Calculate the remainder when 268980 is divided by 19125.
1230
Calculate the remainder when 197137 is divided by 197112.
25
Calculate the remainder when 2324156 is divided by 480.
476
What is the remainder when 178986 is divided by 35723?
371
Calculate the remainder when 6196409 is divided by 436.
413
What is the remainder when 334763 is divided by 213?
140
Calculate the remainder when 7073305 is divided by 9210.
25
What is the remainder when 12004843 is divided by 6002418?
7
What is the remainder when 17263 is divided by 8561?
141
Calculate the remainder when 958739 is divided by 2452.
7
Calculate the remainder when 6587918 is divided by 25.
18
What is the remainder when 94880 is divided by 93942?
938
What is the remainder when 1680697 is divided by 17326?
75
Calculate the remainder when 86252520 is divided by 1610.
1600
What is the remainder when 104188688 is divided by 3645?
8
What is the remainder when 158955 is divided by 1006?
7
What is the remainder when 11539220 is divided by 113?
112
What is the remainder when 31666 is divided by 10051?
1513
What is the remainder when 56123521 is divided by 177606?
25
What is the remainder when 250318 is divided by 4905?
163
Calculate the remainder when 382850 is divided by 19134.
170
What is the remainder when 2455934 is divided by 586?
8
What is the remainder when 3605949 is divided by 1201967?
48
What is the remainder when 26767128 is divided by 73?
72
What is the remainder when 210752 is divided by 4796?
4524
What is the remainder when 97814 is divided by 12340?
11434
What is the remainder when 2362103 is divided by 4474?
4305
What is the remainder when 31787011 is divided by 2660?
11
What is the remainder when 647875 is divided by 1127?
977
Calculate the remainder when 6552 is divided by 3232.
88
Calculate the remainder when 241179 is divided by 29.
15
Calculate the remainder when 17130283 is divided by 110.
93
Calculate the remainder when 86134561 is divided by 6273.
6271
Calculate the remainder when 32586561 is divided by 5.
1
What is the remainder when 8548511 is divided by 168?
167
What is the remainder when 191944 is divided by 47584?
1608
Calculate the remainder when 3718324 is divided by 605.
599
Calculate the remainder when 19313 is divided by 835.
108
What is the remainder when 39270 is divided by 195?
75
What is the remainder when 462347 is divided by 154012?
311
What is the remainder when 3813497 is divided by 234?
233
What is the remainder when 60497568 is divided by 33?
21
Calculate the remainder when 5294511 is divided by 1193.
1170
What is the remainder when 854104 is divided by 3650?
4
Calculate the remainder when 382262 is divided by 13650.
62
Calculate the remainder when 486525 is divided by 295.
70
What is the remainder when 131635 is divided by 16360?
755
Calculate the remainder when 51886 is divided by 7384.
198
What is the remainder when 12930371 is divided by 36734?
3
Calculate the remainder when 2655323 is divided by 2491.
2408
What is the remainder when 364606 is divided by 279?
232
Calculate the remainder when 44114 is divided by 596.
10
Calculate the remainder when 1609331 is divided by 2953.
2899
What is the remainder when 2585519 is divided by 114?
113
What is the remainder when 76101474 is divided by 25?
24
Calculate the remainder when 3365837 is divided by 332.
21
What is the remainder when 76676918 is divided by 25?
18
Calculate the remainder when 45487032 is divided by 3941.
10
Calculate the remainder when 286858 is divided by 2542.
2154
Calculate the remainder when 335475 is divided by 335470.
5
Calculate the remainder when 3835934 is divided by 2690.
2684
Calculate the remainder when 11110495 is divided by 332.
115
Calculate the remainder when 283451 is divided by 56665.
126
Calculate the remainder when 171621 is divided by 171569.
52
Calculate the remainder when 10618087 is divided by 580.
27
What is the remainder when 22044286 is divided by 834?
832
What is the remainder when 215601 is divided by 107550?
501
Calculate the remainder when 48366105 is divided by 14064.
9
What is the remainder when 28114813 is divided by 1726?
1725
Calculate the remainder when 1032693 is divided by 1469.
1455
What is the remainder when 2717261 is divided by 337?
30
Calculate the remainder when 150699956 is divided by 54.
50
Calculate the remainder when 612688403 is divided by 12.
11
What is the remainder when 6813994 is divided by 2752?
42
What is the remainder when 259831 is divided by 259313?
518
Calculate the remainder when 401332 is divided by 200655.
22
What is the remainder when 375552 is divided by 187775?
2
What is the remainder when 935166 is divided by 8276?
8254
What is the remainder when 7095311 is divided by 228881?
0
Calculate the remainder when 16082730 is divided by 653.
646
Calculate the remainder when 2233517 is divided by 25970.
97
Calculate the remainder when 33868 is divided by 50.
18
Calculate the remainder when 7234802 is divided by 62368.
114
What is the remainder when 517450 is divided by 2069?
200
Calculate the remainder when 227384413 is divided by 2864.
2861
Calculate the remainder when 316002 is divided by 78771.
918
What is the remainder when 286080 is divided by 3015?
2670
Calculate the remainder when 477020 is divided by 1788.
1412
What is the remainder when 18953 is divided by 4687?
205
What is the remainder when 13341327 is divided by 1245?
1152
Calculate the remainder when 3317605 is divided by 829394.
29
What is the remainder when 1581369161 is divided by 53?
52
What is the remainder when 51123 is divided by 128?
51
Calculate the remainder when 4155335 is divided by 48.
23
What is the remainder when 27490592 is divided by 9163528?
8
Calculate the remainder when 9116138 is divided by 30694.
20
Calculate the remainder when 1118523 is divided by 12027.
12
What is the remainder when 7989333 is divided by 3?
0
Calculate the remainder when 5433416 is divided by 2716689.
38
Calculate the remainder when 13550690 is divided by 2587.
2571
Calculate the remainder when 1948856 is divided by 324.
320
What is the remainder when 19445 is divided by 6192?
869
What is the remainder when 3248715 is divided by 211?
159
What is the remainder when 30053185 is divided by 1888?
1
Calculate the remainder when 8949490 is divided by 19.
15
What is the remainder when 5662072 is divided by 44937?
10
What is the remainder when 92389 is divided by 4186?
297
What is the remainder when 63669 is divided by 31224?
1221
What is the remainder when 6493632 is divided by 237?
69
What is the remainder when 30788 is divided by 3399?
197
What is the remainder when 109704558 is divided by 28?
26
What is the remainder when 4287 is divided by 2988?
1299
Calculate the remainder when 27253 is divided by 48.
37
Calculate the remainder when 991078 is divided by 854.
438
What is the remainder when 1744874 is divided by 165?
164
What is the remainder when 1718017 is divided by 459?
439
What is the remainder when 308287 is divided by 1533?
154
Calculate the remainder when 17747 is divided by 532.
191
What is the remainder when 162018 is divided by 432?
18
What is the remainder when 1049272 is divided by 1049257?
15
Calculate the remainder when 808681 is divided by 269017.
1630
Calculate the remainder when 53524402 is divided by 197507.
5
What is the remainder when 10260 is divided by 1475?
1410
What is the remainder when 16595155 is divided by 15?
10
What is the remainder when 183942 is divided by 61214?
300
Calculate the remainder when 100719 is divided by 626.
559
What is the remainder when 49481 is divided by 2573?
594
What is the remainder when 7916 is divided by 1582?
6
What is the remainder when 340581 is divided by 1295?
1291
What is the remainder when 313730 is divided by 11204?
18
What is the remainder when 58304909 is divided by 59?
47
Calculate the remainder when 4263425 is divided by 369.
368
Calculate the remainder when 491774 is divided by 1405.
24
Calculate the remainder when 14108643 is divided by 23.
6
Calculate the remainder when 6681686 is divided by 3123.
1589
Calculate the remainder when 14301146 is divided by 161.
160
Calculate the remainder when 7455421 is divided